{"id":82604,"date":"2026-04-20T10:15:47","date_gmt":"2026-04-20T06:15:47","guid":{"rendered":"https:\/\/bakutech.az\/?post_type=product&#038;p=82604"},"modified":"2026-04-20T10:15:47","modified_gmt":"2026-04-20T06:15:47","slug":"akkumulyator-yoxlayan-yuk-c%c9%99ng%c9%99li-r%c9%99q%c9%99msal-akkumulyator-test-cihazi","status":"publish","type":"product","link":"https:\/\/bakutech.az\/?product=akkumulyator-yoxlayan-yuk-c%c9%99ng%c9%99li-r%c9%99q%c9%99msal-akkumulyator-test-cihazi","title":{"rendered":"Akkumulyator yoxlayan y\u00fck \u00e7\u0259ng\u0259li \u2013 R\u0259q\u0259msal akkumulyator test cihaz\u0131"},"content":{"rendered":"<p>Akkumulyator yoxlayan y\u00fck \u00e7\u0259ng\u0259li \u2013 R\u0259q\u0259msal akkumulyator test cihaz\u0131<\/p>\n","protected":false},"excerpt":{"rendered":"<p>Akkumulyator yoxlayan y\u00fck \u00e7\u0259ng\u0259li \u2013 R\u0259q\u0259msal akkumulyator test cihaz\u0131<\/p>\n","protected":false},"featured_media":82605,"comment_status":"closed","ping_status":"closed","template":"","meta":{"site-sidebar-layout":"default","site-content-layout":"","ast-site-content-layout":"default","site-content-style":"default","site-sidebar-style":"default","ast-global-header-display":"","ast-banner-title-visibility":"","ast-main-header-display":"","ast-hfb-above-header-display":"","ast-hfb-below-header-display":"","ast-hfb-mobile-header-display":"","site-post-title":"","ast-breadcrumbs-content":"","ast-featured-img":"","footer-sml-layout":"","ast-disable-related-posts":"","theme-transparent-header-meta":"default","adv-header-id-meta":"","stick-header-meta":"","header-above-stick-meta":"","header-main-stick-meta":"","header-below-stick-meta":"","astra-migrate-meta-layouts":"set","ast-page-background-enabled":"default","ast-page-background-meta":{"desktop":{"background-color":"","background-image":"","background-repeat":"repeat","background-position":"center center","background-size":"auto","background-attachment":"scroll","background-type":"","background-media":"","overlay-type":"","overlay-color":"","overlay-opacity":"","overlay-gradient":""},"tablet":{"background-color":"","background-image":"","background-repeat":"repeat","background-position":"center center","background-size":"auto","background-attachment":"scroll","background-type":"","background-media":"","overlay-type":"","overlay-color":"","overlay-opacity":"","overlay-gradient":""},"mobile":{"background-color":"","background-image":"","background-repeat":"repeat","background-position":"center center","background-size":"auto","background-attachment":"scroll","background-type":"","background-media":"","overlay-type":"","overlay-color":"","overlay-opacity":"","overlay-gradient":""}},"ast-content-background-meta":{"desktop":{"background-color":"var(--ast-global-color-5)","background-image":"","background-repeat":"repeat","background-position":"center center","background-size":"auto","background-attachment":"scroll","background-type":"","background-media":"","overlay-type":"","overlay-color":"","overlay-opacity":"","overlay-gradient":""},"tablet":{"background-color":"var(--ast-global-color-5)","background-image":"","background-repeat":"repeat","background-position":"center center","background-size":"auto","background-attachment":"scroll","background-type":"","background-media":"","overlay-type":"","overlay-color":"","overlay-opacity":"","overlay-gradient":""},"mobile":{"background-color":"var(--ast-global-color-5)","background-image":"","background-repeat":"repeat","background-position":"center center","background-size":"auto","background-attachment":"scroll","background-type":"","background-media":"","overlay-type":"","overlay-color":"","overlay-opacity":"","overlay-gradient":""}}},"product_brand":[],"product_cat":[102],"product_tag":[],"class_list":{"0":"post-82604","1":"product","2":"type-product","3":"status-publish","4":"has-post-thumbnail","6":"product_cat-elektron-kilidler","7":"desktop-align-left","8":"tablet-align-left","9":"mobile-align-left","11":"first","12":"instock","13":"shipping-taxable","14":"purchasable","15":"product-type-simple"},"yoast_head":"<!-- This site is optimized with the Yoast SEO plugin v27.4 - https:\/\/yoast.com\/product\/yoast-seo-wordpress\/ -->\n<title>Akkumulyator yoxlayan y\u00fck \u00e7\u0259ng\u0259li \u2013 R\u0259q\u0259msal akkumulyator test cihaz\u0131 | BakuTech - Texnologiya-Elektronika Sayt\u0131<\/title>\n<meta name=\"description\" content=\"Akkumulyator yoxlayan y\u00fck \u00e7\u0259ng\u0259li \u2013 R\u0259q\u0259msal akkumulyator test cihaz\u0131\" \/>\n<meta name=\"robots\" content=\"index, follow, max-snippet:-1, max-image-preview:large, max-video-preview:-1\" \/>\n<link rel=\"canonical\" href=\"https:\/\/bakutech.az\/?product=akkumulyator-yoxlayan-yuk-c\u0259ng\u0259li-r\u0259q\u0259msal-akkumulyator-test-cihazi\" \/>\n<meta property=\"og:locale\" content=\"en_US\" \/>\n<meta property=\"og:type\" content=\"article\" \/>\n<meta property=\"og:title\" content=\"Akkumulyator yoxlayan y\u00fck \u00e7\u0259ng\u0259li \u2013 R\u0259q\u0259msal akkumulyator test cihaz\u0131 | BakuTech - Texnologiya-Elektronika Sayt\u0131\" \/>\n<meta property=\"og:description\" content=\"Akkumulyator yoxlayan y\u00fck \u00e7\u0259ng\u0259li \u2013 R\u0259q\u0259msal akkumulyator test cihaz\u0131\" \/>\n<meta property=\"og:url\" content=\"https:\/\/bakutech.az\/?product=akkumulyator-yoxlayan-yuk-c\u0259ng\u0259li-r\u0259q\u0259msal-akkumulyator-test-cihazi\" \/>\n<meta property=\"og:site_name\" content=\"BakuTech - Texnologiya-Elektronika Sayt\u0131\" \/>\n<meta property=\"article:publisher\" content=\"https:\/\/www.facebook.com\/bakutech.electronics\" \/>\n<meta property=\"og:image\" content=\"https:\/\/bakutech.az\/wp-content\/uploads\/2026\/04\/IMG_6187.png\" \/>\n\t<meta property=\"og:image:width\" content=\"1024\" \/>\n\t<meta property=\"og:image:height\" content=\"1024\" \/>\n\t<meta property=\"og:image:type\" content=\"image\/png\" \/>\n<meta name=\"twitter:card\" content=\"summary_large_image\" \/>\n<meta name=\"twitter:label1\" content=\"Est. reading time\" \/>\n\t<meta name=\"twitter:data1\" content=\"1 minute\" \/>\n<script type=\"application\/ld+json\" class=\"yoast-schema-graph\">{\"@context\":\"https:\\\/\\\/schema.org\",\"@graph\":[{\"@type\":\"WebPage\",\"@id\":\"https:\\\/\\\/bakutech.az\\\/?product=akkumulyator-yoxlayan-yuk-c%c9%99ng%c9%99li-r%c9%99q%c9%99msal-akkumulyator-test-cihazi\",\"url\":\"https:\\\/\\\/bakutech.az\\\/?product=akkumulyator-yoxlayan-yuk-c%c9%99ng%c9%99li-r%c9%99q%c9%99msal-akkumulyator-test-cihazi\",\"name\":\"Akkumulyator yoxlayan y\u00fck \u00e7\u0259ng\u0259li \u2013 R\u0259q\u0259msal akkumulyator test cihaz\u0131 | BakuTech - Texnologiya-Elektronika Sayt\u0131\",\"isPartOf\":{\"@id\":\"https:\\\/\\\/bakutech.az\\\/#website\"},\"primaryImageOfPage\":{\"@id\":\"https:\\\/\\\/bakutech.az\\\/?product=akkumulyator-yoxlayan-yuk-c%c9%99ng%c9%99li-r%c9%99q%c9%99msal-akkumulyator-test-cihazi#primaryimage\"},\"image\":{\"@id\":\"https:\\\/\\\/bakutech.az\\\/?product=akkumulyator-yoxlayan-yuk-c%c9%99ng%c9%99li-r%c9%99q%c9%99msal-akkumulyator-test-cihazi#primaryimage\"},\"thumbnailUrl\":\"https:\\\/\\\/bakutech.az\\\/wp-content\\\/uploads\\\/2026\\\/04\\\/IMG_6187.png\",\"datePublished\":\"2026-04-20T06:15:47+00:00\",\"description\":\"Akkumulyator yoxlayan y\u00fck \u00e7\u0259ng\u0259li \u2013 R\u0259q\u0259msal akkumulyator test cihaz\u0131\",\"breadcrumb\":{\"@id\":\"https:\\\/\\\/bakutech.az\\\/?product=akkumulyator-yoxlayan-yuk-c%c9%99ng%c9%99li-r%c9%99q%c9%99msal-akkumulyator-test-cihazi#breadcrumb\"},\"inLanguage\":\"en-US\",\"potentialAction\":[{\"@type\":\"ReadAction\",\"target\":[\"https:\\\/\\\/bakutech.az\\\/?product=akkumulyator-yoxlayan-yuk-c%c9%99ng%c9%99li-r%c9%99q%c9%99msal-akkumulyator-test-cihazi\"]}]},{\"@type\":\"ImageObject\",\"inLanguage\":\"en-US\",\"@id\":\"https:\\\/\\\/bakutech.az\\\/?product=akkumulyator-yoxlayan-yuk-c%c9%99ng%c9%99li-r%c9%99q%c9%99msal-akkumulyator-test-cihazi#primaryimage\",\"url\":\"https:\\\/\\\/bakutech.az\\\/wp-content\\\/uploads\\\/2026\\\/04\\\/IMG_6187.png\",\"contentUrl\":\"https:\\\/\\\/bakutech.az\\\/wp-content\\\/uploads\\\/2026\\\/04\\\/IMG_6187.png\",\"width\":1024,\"height\":1024},{\"@type\":\"BreadcrumbList\",\"@id\":\"https:\\\/\\\/bakutech.az\\\/?product=akkumulyator-yoxlayan-yuk-c%c9%99ng%c9%99li-r%c9%99q%c9%99msal-akkumulyator-test-cihazi#breadcrumb\",\"itemListElement\":[{\"@type\":\"ListItem\",\"position\":1,\"name\":\"Home\",\"item\":\"https:\\\/\\\/bakutech.az\\\/\"},{\"@type\":\"ListItem\",\"position\":2,\"name\":\"magaza\",\"item\":\"https:\\\/\\\/bakutech.az\\\/?page_id=82600\"},{\"@type\":\"ListItem\",\"position\":3,\"name\":\"Akkumulyator yoxlayan y\u00fck \u00e7\u0259ng\u0259li \u2013 R\u0259q\u0259msal akkumulyator test cihaz\u0131\"}]},{\"@type\":\"WebSite\",\"@id\":\"https:\\\/\\\/bakutech.az\\\/#website\",\"url\":\"https:\\\/\\\/bakutech.az\\\/\",\"name\":\"BakuTech - Texnologiya-Elektronika Sayt\u0131\",\"description\":\"Elektron Kilid\",\"publisher\":{\"@id\":\"https:\\\/\\\/bakutech.az\\\/#organization\"},\"potentialAction\":[{\"@type\":\"SearchAction\",\"target\":{\"@type\":\"EntryPoint\",\"urlTemplate\":\"https:\\\/\\\/bakutech.az\\\/?s={search_term_string}\"},\"query-input\":{\"@type\":\"PropertyValueSpecification\",\"valueRequired\":true,\"valueName\":\"search_term_string\"}}],\"inLanguage\":\"en-US\"},{\"@type\":\"Organization\",\"@id\":\"https:\\\/\\\/bakutech.az\\\/#organization\",\"name\":\"bakutech.az\",\"url\":\"https:\\\/\\\/bakutech.az\\\/\",\"logo\":{\"@type\":\"ImageObject\",\"inLanguage\":\"en-US\",\"@id\":\"https:\\\/\\\/bakutech.az\\\/#\\\/schema\\\/logo\\\/image\\\/\",\"url\":\"https:\\\/\\\/bakutech.az\\\/wp-content\\\/uploads\\\/2026\\\/04\\\/cropped-cropped-cropped-bakutech-logo-2.png\",\"contentUrl\":\"https:\\\/\\\/bakutech.az\\\/wp-content\\\/uploads\\\/2026\\\/04\\\/cropped-cropped-cropped-bakutech-logo-2.png\",\"width\":396,\"height\":74,\"caption\":\"bakutech.az\"},\"image\":{\"@id\":\"https:\\\/\\\/bakutech.az\\\/#\\\/schema\\\/logo\\\/image\\\/\"},\"sameAs\":[\"https:\\\/\\\/www.facebook.com\\\/bakutech.electronics\"]}]}<\/script>\n<!-- \/ Yoast SEO plugin. -->","yoast_head_json":{"title":"Akkumulyator yoxlayan y\u00fck \u00e7\u0259ng\u0259li \u2013 R\u0259q\u0259msal akkumulyator test cihaz\u0131 | BakuTech - Texnologiya-Elektronika Sayt\u0131","description":"Akkumulyator yoxlayan y\u00fck \u00e7\u0259ng\u0259li \u2013 R\u0259q\u0259msal akkumulyator test cihaz\u0131","robots":{"index":"index","follow":"follow","max-snippet":"max-snippet:-1","max-image-preview":"max-image-preview:large","max-video-preview":"max-video-preview:-1"},"canonical":"https:\/\/bakutech.az\/?product=akkumulyator-yoxlayan-yuk-c\u0259ng\u0259li-r\u0259q\u0259msal-akkumulyator-test-cihazi","og_locale":"en_US","og_type":"article","og_title":"Akkumulyator yoxlayan y\u00fck \u00e7\u0259ng\u0259li \u2013 R\u0259q\u0259msal akkumulyator test cihaz\u0131 | BakuTech - Texnologiya-Elektronika Sayt\u0131","og_description":"Akkumulyator yoxlayan y\u00fck \u00e7\u0259ng\u0259li \u2013 R\u0259q\u0259msal akkumulyator test cihaz\u0131","og_url":"https:\/\/bakutech.az\/?product=akkumulyator-yoxlayan-yuk-c\u0259ng\u0259li-r\u0259q\u0259msal-akkumulyator-test-cihazi","og_site_name":"BakuTech - Texnologiya-Elektronika Sayt\u0131","article_publisher":"https:\/\/www.facebook.com\/bakutech.electronics","og_image":[{"width":1024,"height":1024,"url":"https:\/\/bakutech.az\/wp-content\/uploads\/2026\/04\/IMG_6187.png","type":"image\/png"}],"twitter_card":"summary_large_image","twitter_misc":{"Est. reading time":"1 minute"},"schema":{"@context":"https:\/\/schema.org","@graph":[{"@type":"WebPage","@id":"https:\/\/bakutech.az\/?product=akkumulyator-yoxlayan-yuk-c%c9%99ng%c9%99li-r%c9%99q%c9%99msal-akkumulyator-test-cihazi","url":"https:\/\/bakutech.az\/?product=akkumulyator-yoxlayan-yuk-c%c9%99ng%c9%99li-r%c9%99q%c9%99msal-akkumulyator-test-cihazi","name":"Akkumulyator yoxlayan y\u00fck \u00e7\u0259ng\u0259li \u2013 R\u0259q\u0259msal akkumulyator test cihaz\u0131 | BakuTech - Texnologiya-Elektronika Sayt\u0131","isPartOf":{"@id":"https:\/\/bakutech.az\/#website"},"primaryImageOfPage":{"@id":"https:\/\/bakutech.az\/?product=akkumulyator-yoxlayan-yuk-c%c9%99ng%c9%99li-r%c9%99q%c9%99msal-akkumulyator-test-cihazi#primaryimage"},"image":{"@id":"https:\/\/bakutech.az\/?product=akkumulyator-yoxlayan-yuk-c%c9%99ng%c9%99li-r%c9%99q%c9%99msal-akkumulyator-test-cihazi#primaryimage"},"thumbnailUrl":"https:\/\/bakutech.az\/wp-content\/uploads\/2026\/04\/IMG_6187.png","datePublished":"2026-04-20T06:15:47+00:00","description":"Akkumulyator yoxlayan y\u00fck \u00e7\u0259ng\u0259li \u2013 R\u0259q\u0259msal akkumulyator test cihaz\u0131","breadcrumb":{"@id":"https:\/\/bakutech.az\/?product=akkumulyator-yoxlayan-yuk-c%c9%99ng%c9%99li-r%c9%99q%c9%99msal-akkumulyator-test-cihazi#breadcrumb"},"inLanguage":"en-US","potentialAction":[{"@type":"ReadAction","target":["https:\/\/bakutech.az\/?product=akkumulyator-yoxlayan-yuk-c%c9%99ng%c9%99li-r%c9%99q%c9%99msal-akkumulyator-test-cihazi"]}]},{"@type":"ImageObject","inLanguage":"en-US","@id":"https:\/\/bakutech.az\/?product=akkumulyator-yoxlayan-yuk-c%c9%99ng%c9%99li-r%c9%99q%c9%99msal-akkumulyator-test-cihazi#primaryimage","url":"https:\/\/bakutech.az\/wp-content\/uploads\/2026\/04\/IMG_6187.png","contentUrl":"https:\/\/bakutech.az\/wp-content\/uploads\/2026\/04\/IMG_6187.png","width":1024,"height":1024},{"@type":"BreadcrumbList","@id":"https:\/\/bakutech.az\/?product=akkumulyator-yoxlayan-yuk-c%c9%99ng%c9%99li-r%c9%99q%c9%99msal-akkumulyator-test-cihazi#breadcrumb","itemListElement":[{"@type":"ListItem","position":1,"name":"Home","item":"https:\/\/bakutech.az\/"},{"@type":"ListItem","position":2,"name":"magaza","item":"https:\/\/bakutech.az\/?page_id=82600"},{"@type":"ListItem","position":3,"name":"Akkumulyator yoxlayan y\u00fck \u00e7\u0259ng\u0259li \u2013 R\u0259q\u0259msal akkumulyator test cihaz\u0131"}]},{"@type":"WebSite","@id":"https:\/\/bakutech.az\/#website","url":"https:\/\/bakutech.az\/","name":"BakuTech - Texnologiya-Elektronika Sayt\u0131","description":"Elektron Kilid","publisher":{"@id":"https:\/\/bakutech.az\/#organization"},"potentialAction":[{"@type":"SearchAction","target":{"@type":"EntryPoint","urlTemplate":"https:\/\/bakutech.az\/?s={search_term_string}"},"query-input":{"@type":"PropertyValueSpecification","valueRequired":true,"valueName":"search_term_string"}}],"inLanguage":"en-US"},{"@type":"Organization","@id":"https:\/\/bakutech.az\/#organization","name":"bakutech.az","url":"https:\/\/bakutech.az\/","logo":{"@type":"ImageObject","inLanguage":"en-US","@id":"https:\/\/bakutech.az\/#\/schema\/logo\/image\/","url":"https:\/\/bakutech.az\/wp-content\/uploads\/2026\/04\/cropped-cropped-cropped-bakutech-logo-2.png","contentUrl":"https:\/\/bakutech.az\/wp-content\/uploads\/2026\/04\/cropped-cropped-cropped-bakutech-logo-2.png","width":396,"height":74,"caption":"bakutech.az"},"image":{"@id":"https:\/\/bakutech.az\/#\/schema\/logo\/image\/"},"sameAs":["https:\/\/www.facebook.com\/bakutech.electronics"]}]}},"_links":{"self":[{"href":"https:\/\/bakutech.az\/index.php?rest_route=\/wp\/v2\/product\/82604","targetHints":{"allow":["GET"]}}],"collection":[{"href":"https:\/\/bakutech.az\/index.php?rest_route=\/wp\/v2\/product"}],"about":[{"href":"https:\/\/bakutech.az\/index.php?rest_route=\/wp\/v2\/types\/product"}],"replies":[{"embeddable":true,"href":"https:\/\/bakutech.az\/index.php?rest_route=%2Fwp%2Fv2%2Fcomments&post=82604"}],"version-history":[{"count":1,"href":"https:\/\/bakutech.az\/index.php?rest_route=\/wp\/v2\/product\/82604\/revisions"}],"predecessor-version":[{"id":82606,"href":"https:\/\/bakutech.az\/index.php?rest_route=\/wp\/v2\/product\/82604\/revisions\/82606"}],"wp:featuredmedia":[{"embeddable":true,"href":"https:\/\/bakutech.az\/index.php?rest_route=\/wp\/v2\/media\/82605"}],"wp:attachment":[{"href":"https:\/\/bakutech.az\/index.php?rest_route=%2Fwp%2Fv2%2Fmedia&parent=82604"}],"wp:term":[{"taxonomy":"product_brand","embeddable":true,"href":"https:\/\/bakutech.az\/index.php?rest_route=%2Fwp%2Fv2%2Fproduct_brand&post=82604"},{"taxonomy":"product_cat","embeddable":true,"href":"https:\/\/bakutech.az\/index.php?rest_route=%2Fwp%2Fv2%2Fproduct_cat&post=82604"},{"taxonomy":"product_tag","embeddable":true,"href":"https:\/\/bakutech.az\/index.php?rest_route=%2Fwp%2Fv2%2Fproduct_tag&post=82604"}],"curies":[{"name":"wp","href":"https:\/\/api.w.org\/{rel}","templated":true}]}}